{"id":2018,"date":"2015-12-26T15:05:51","date_gmt":"2015-12-26T15:05:51","guid":{"rendered":"http:\/\/bimbiinauto.com\/?page_id=2018"},"modified":"2023-05-20T18:51:32","modified_gmt":"2023-05-20T18:51:32","slug":"seggiolini-auto-gruppo-3","status":"publish","type":"page","link":"https:\/\/www.bimbiinauto.com\/?page_id=2018","title":{"rendered":"Seggiolini auto gruppo 3 (15-36 kg)"},"content":{"rendered":"<p>I&nbsp;<strong>Seggiolini auto gruppo 3<\/strong>&nbsp;sono solamente dei cuscini per rialzare la seduta del bambino. Come nel gruppo precedente anche questi sono molto spesso abbinati al gruppo 2, andando cos\u00ec a ricoprire una fascia di clientela maggiore.<\/p>\n<div class=\"video-container\">\n        <iframe loading=\"lazy\" width=\"703\" height=\"395\" src=\"https:\/\/www.youtube.com\/embed\/MxTMgqekDUo\" frameborder=\"0\" allowfullscreen><\/iframe>           \n    <\/div>\n<p>La necessit\u00e0 di un gruppo 3 per i seggiolini auto \u00e8 data dalla necessit\u00e0 di rialzare il bambino per permettere un perfetto abbraccio delle cinture di sicurezza. Questi infatti non hanno altri sistemi di chiusura se non quelli gi\u00e0 presenti su ogni auto.<\/p>\n<p>Qui di seguito alcuni dei migliori seggiolini disponibili sul mercato.<\/p>\n\n<p>&nbsp;<\/p>\n<h3>Articoli correlati:<\/h3>\n<ul>\n<li><a href=\"https:\/\/www.bimbiinauto.com\/gruppo-0-0-10-kg\/\">Seggiolini auto Gruppo 0<\/a><\/li>\n<li><a href=\"https:\/\/www.bimbiinauto.com\/seggiolini-auto-gruppo-0-0-13-kg\/\">Seggiolini auto Gruppo 0+<\/a><\/li>\n<li><a href=\"https:\/\/www.bimbiinauto.com\/seggiolini-auto-gruppo-1\/\">Seggiolini auto Gruppo 1<\/a><\/li>\n<li><a href=\"https:\/\/www.bimbiinauto.com\/seggiolini-auto-gruppo-2-15-25-kg\/\">Seggiolini auto Gruppo 2<\/a><\/li>\n<li><a href=\"https:\/\/www.bimbiinauto.com\/seggiolini-auto-gruppo-123-9-36-kg\/\">Seggiolini auto Gruppo 123<\/a><\/li>\n<\/ul>\n<p>&nbsp;<\/p>\n<p>&nbsp;<\/p>\n","protected":false},"excerpt":{"rendered":"<p>I&nbsp;Seggiolini auto gruppo 3&nbsp;sono solamente dei cuscini per rialzare la seduta del bambino. Come nel gruppo precedente anche questi sono molto spesso abbinati al gruppo 2, andando cos\u00ec a ricoprire una fascia di clientela maggiore. La necessit\u00e0 di un gruppo 3 per i seggiolini auto \u00e8 data dalla necessit\u00e0 di rialzare il bambino per permettere [&hellip;]<\/p>\n","protected":false},"author":2,"featured_media":3068,"parent":0,"menu_order":0,"comment_status":"closed","ping_status":"closed","template":"","meta":{"footnotes":""},"class_list":["post-2018","page","type-page","status-publish","has-post-thumbnail","hentry"],"_links":{"self":[{"href":"https:\/\/www.bimbiinauto.com\/index.php?rest_route=\/wp\/v2\/pages\/2018","targetHints":{"allow":["GET"]}}],"collection":[{"href":"https:\/\/www.bimbiinauto.com\/index.php?rest_route=\/wp\/v2\/pages"}],"about":[{"href":"https:\/\/www.bimbiinauto.com\/index.php?rest_route=\/wp\/v2\/types\/page"}],"author":[{"embeddable":true,"href":"https:\/\/www.bimbiinauto.com\/index.php?rest_route=\/wp\/v2\/users\/2"}],"replies":[{"embeddable":true,"href":"https:\/\/www.bimbiinauto.com\/index.php?rest_route=%2Fwp%2Fv2%2Fcomments&post=2018"}],"version-history":[{"count":0,"href":"https:\/\/www.bimbiinauto.com\/index.php?rest_route=\/wp\/v2\/pages\/2018\/revisions"}],"wp:featuredmedia":[{"embeddable":true,"href":"https:\/\/www.bimbiinauto.com\/index.php?rest_route=\/wp\/v2\/media\/3068"}],"wp:attachment":[{"href":"https:\/\/www.bimbiinauto.com\/index.php?rest_route=%2Fwp%2Fv2%2Fmedia&parent=2018"}],"curies":[{"name":"wp","href":"https:\/\/api.w.org\/{rel}","templated":true}]}}